417 is divided by 96?
33
Calculate the remainder when 1499 is divided by 128.
91
Calculate the remainder when 618711 is divided by 230.
11
Calculate the remainder when 33665 is divided by 1201.
37
What is the remainder when 262 is divided by 114?
34
Calculate the remainder when 4061 is divided by 244.
157
Calculate the remainder when 476 is divided by 180.
116
Calculate the remainder when 1036 is divided by 289.
169
What is the remainder when 371989 is divided by 744?
733
What is the remainder when 44412 is divided by 11?
5
Calculate the remainder when 13904 is divided by 13.
7
Calculate the remainder when 1802 is divided by 1795.
7
What is the remainder when 522387 is divided by 6?
3
Calculate the remainder when 71005 is divided by 433.
426
What is the remainder when 6544 is divided by 334?
198
Calculate the remainder when 3430 is divided by 1125.
55
What is the remainder when 371630 is divided by 2973?
5
Calculate the remainder when 7987 is divided by 178.
155
Calculate the remainder when 10183 is divided by 268.
267
What is the remainder when 963297 is divided by 192657?
12
What is the remainder when 48919 is divided by 134?
9
Calculate the remainder when 2823 is divided by 48.
39
What is the remainder when 8645 is divided by 2158?
13
Calculate the remainder when 1544541 is divided by 9.
6
What is the remainder when 433345 is divided by 87?
85
What is the remainder when 30939 is divided by 70?
69
What is the remainder when 13168 is divided by 105?
43
Calculate the remainder when 3915 is divided by 420.
135
What is the remainder when 176890 is divided by 245?
0
What is the remainder when 2130 is divided by 22?
18
What is the remainder when 6911 is divided by 6899?
12
Calculate the remainder when 82294 is divided by 216.
214
Calculate the remainder when 10665 is divided by 21.
18
What is the remainder when 51124 is divided by 32?
20
What is the remainder when 50260 is divided by 1393?
112
Calculate the remainder when 65 is divided by 21.
2
Calculate the remainder when 1659 is divided by 827.
5
Calculate the remainder when 10639 is divided by 844.
511
What is the remainder when 5132 is divided by 384?
140
Calculate the remainder when 136645 is divided by 72.
61
Calculate the remainder when 13836 is divided by 3280.
716
Calculate the remainder when 2303 is divided by 2.
1
What is the remainder when 6520 is divided by 283?
11
What is the remainder when 22820 is divided by 5699?
24
What is the remainder when 86910 is divided by 28968?
6
Calculate the remainder when 58911 is divided by 62.
11
Calculate the remainder when 40963 is divided by 539.
538
What is the remainder when 2262 is divided by 378?
372
What is the remainder when 54836 is divided by 46?
4
What is the remainder when 4394 is divided by 341?
302
What is the remainder when 9629 is divided by 606?
539
Calculate the remainder when 6266 is divided by 149.
8
What is the remainder when 1561 is divided by 146?
101
Calculate the remainder when 8295 is divided by 8256.
39
What is the remainder when 22028 is divided by 123?
11
What is the remainder when 14561 is divided by 967?
56
Calculate the remainder when 1403 is divided by 140.
3
What is the remainder when 5669 is divided by 70?
69
What is the remainder when 107587 is divided by 7?
4
What is the remainder when 5231367 is divided by 6?
3
What is the remainder when 240972 is divided by 753?
12
What is the remainder when 151705 is divided by 8?
1
Calculate the remainder when 1709289 is divided by 5.
4
Calculate the remainder when 1833 is divided by 670.
493
What is the remainder when 640 is divided by 205?
25
What is the remainder when 453908 is divided by 151297?
17
What is the remainder when 1282 is divided by 576?
130
What is the remainder when 33648 is divided by 33647?
1
Calculate the remainder when 28806 is divided by 599.
54
What is the remainder when 37925 is divided by 4?
1
What is the remainder when 149527 is divided by 7476?
7
Calculate the remainder when 6856 is divided by 6724.
132
What is the remainder when 17228 is divided by 74?
60
Calculate the remainder when 39245 is divided by 22.
19
What is the remainder when 36119 is divided by 12026?
41
What is the remainder when 1906559 is divided by 1152?
1151
What is the remainder when 21033 is divided by 72?
9
What is the remainder when 7017 is divided by 80?
57
Calculate the remainder when 220881 is divided by 1227.
21
What is the remainder when 842106 is divided by 68?
62
Calculate the remainder when 10000 is divided by 136.
72
Calculate the remainder when 8344 is divided by 54.
28
What is the remainder when 62402 is divided by 303?
287
Calculate the remainder when 2267497 is divided by 1097.
1095
Calculate the remainder when 256302 is divided by 710.
702
What is the remainder when 1141287 is divided by 118?
109
What is the remainder when 295 is divided by 23?
19
What is the remainder when 28436 is divided by 7102?
28
What is the remainder when 15678 is divided by 249?
240
Calculate the remainder when 14726 is divided by 184.
6
What is the remainder when 1784 is divided by 148?
8
Calculate the remainder when 80781 is divided by 918.
915
Calculate the remainder when 332776 is divided by 51.
1
Calculate the remainder when 7849 is divided by 1838.
497
What is the remainder when 545 is divided by 128?
33
Calculate the remainder when 368437 is divided by 191.
189
What is the remainder when 2677242 is divided by 814?
810
What is the remainder when 1464 is divided by 306?
240
Calculate the remainder when 7058 is divided by 53.
9
What is the remainder when 424211 is divided by 276?
275
What is the remainder when 5594 is divided by 178?
76
What is the remainder when 1347 is divided by 439?
30
Calculate the remainder when 47270 is divided by 844.
6
Calculate the remainder when 16442 is divided by 299.
296
What is the remainder when 8542 is divided by 2113?
90
What is the remainder when 43198 is divided by 2273?
11
Calculate the remainder when 11161 is divided by 845.
176
What is the remainder when 843738 is divided by 35?
28
Calculate the remainder when 1748 is divided by 4.
0
Calculate the remainder when 1644 is divided by 169.
123
Calculate the remainder when 106935 is divided by 560.
535
What is the remainder when 71565 is divided by 515?
495
Calculate the remainder when 81533 is divided by 158.
5
What is the remainder when 50835 is divided by 63?
57
Calculate the remainder when 76743 is divided by 362.
361
What is the remainder when 5121023 is divided by 91?
89
Calculate the remainder when 848312 is divided by 27.
26
What is the remainder when 609 is divided by 598?
11
What is the remainder when 216398 is divided by 1189?
0
Calculate the remainder when 37894 is divided by 12.
10
Calculate the remainder when 7076 is divided by 1767.
8
Calculate the remainder when 5056 is divided by 6.
4
Calculate the remainder when 32187 is divided by 4022.
11
What is the remainder when 47200 is divided by 2145?
10
What is the remainder when 1720 is divided by 730?
260
What is the remainder when 88999 is divided by 279?
277
What is the remainder when 4668 is divided by 1468?
264
What is the remainder when 1250235 is divided by 20?
15
Calculate the remainder when 31886 is divided by 255.
11
Calculate the remainder when 28290 is divided by 14.
10
Calculate the remainder when 3772 is divided by 811.
528
Calculate the remainder when 3175 is divided by 94.
73
Calculate the remainder when 140878 is divided by 305.
273
Calculate the remainder when 60670 is divided by 410.
400
What is the remainder when 2244 is divided by 44?
0
Calculate the remainder when 8845007 is divided by 16.
15
What is the remainder when 66696 is divided by 306?
294
Calculate the remainder when 390479 is divided by 294.
47
Calculate the remainder when 287823 is divided by 145.
143
Calculate the remainder when 33138 is divided by 1986.
1362
What is the remainder when 23668 is divided by 7878?
34
What is the remainder when 58729 is divided by 54?
31
What is the remainder when 1283122 is divided by 2267?
0
Calculate the remainder when 5159 is divided by 172.
171
What is the remainder when 11012 is divided by 484?
364
What is the remainder when 6835 is divided by 616?
59
Calculate the remainder when 474022 is divided by 175.
122
What is 